{"id":2967,"date":"2018-08-17T10:07:44","date_gmt":"2018-08-17T07:07:44","guid":{"rendered":"http:\/\/www.karahukukankara.com\/?page_id=2967"},"modified":"2018-08-17T10:43:28","modified_gmt":"2018-08-17T07:43:28","slug":"yonetici-asistani-seda-alpak","status":"publish","type":"page","link":"https:\/\/www.karahukukankara.com\/index.php\/yonetici-asistani-seda-alpak\/","title":{"rendered":"Y\u00f6netici Asistan\u0131 Seda ALPAK"},"content":{"rendered":"<p>[vc_row triangle_shape=&#8221;no&#8221;][vc_column][vc_column_text]Seda ALPAK 1980 do\u011fumludur. 2011 y\u0131l\u0131nda Anadolu \u00dcniversitesi \u0130ktisat Fak\u00fcltesi\u2019nden mezun oldu. 2011 y\u0131l\u0131ndan itibaren b\u00fcromuzda \u00e7al\u0131\u015fmaktad\u0131r.[\/vc_column_text][vc_empty_space][\/vc_column][\/vc_row]<\/p>\n","protected":false},"excerpt":{"rendered":"<p>[vc_row triangle_shape=&#8221;no&#8221;][vc_column][vc_column_text]Seda ALPAK 1980 do\u011fumludur. 2011 y\u0131l\u0131nda Anadolu \u00dcniversitesi \u0130ktisat Fak\u00fcltesi\u2019nden mezun oldu. 2011 y\u0131l\u0131ndan itibaren b\u00fcromuzda \u00e7al\u0131\u015fmaktad\u0131r.[\/vc_column_text][vc_empty_space][\/vc_column][\/vc_row]<\/p>\n","protected":false},"author":1,"featured_media":2965,"parent":0,"menu_order":0,"comment_status":"closed","ping_status":"closed","template":"","meta":[],"_links":{"self":[{"href":"https:\/\/www.karahukukankara.com\/index.php\/wp-json\/wp\/v2\/pages\/2967"}],"collection":[{"href":"https:\/\/www.karahukukankara.com\/index.php\/wp-json\/wp\/v2\/pages"}],"about":[{"href":"https:\/\/www.karahukukankara.com\/index.php\/wp-json\/wp\/v2\/types\/page"}],"author":[{"embeddable":true,"href":"https:\/\/www.karahukukankara.com\/index.php\/wp-json\/wp\/v2\/users\/1"}],"replies":[{"embeddable":true,"href":"https:\/\/www.karahukukankara.com\/index.php\/wp-json\/wp\/v2\/comments?post=2967"}],"version-history":[{"count":2,"href":"https:\/\/www.karahukukankara.com\/index.php\/wp-json\/wp\/v2\/pages\/2967\/revisions"}],"predecessor-version":[{"id":2978,"href":"https:\/\/www.karahukukankara.com\/index.php\/wp-json\/wp\/v2\/pages\/2967\/revisions\/2978"}],"wp:featuredmedia":[{"embeddable":true,"href":"https:\/\/www.karahukukankara.com\/index.php\/wp-json\/wp\/v2\/media\/2965"}],"wp:attachment":[{"href":"https:\/\/www.karahukukankara.com\/index.php\/wp-json\/wp\/v2\/media?parent=2967"}],"curies":[{"name":"wp","href":"https:\/\/api.w.org\/{rel}","templated":true}]}}