{"id":2964,"date":"2018-08-17T10:05:56","date_gmt":"2018-08-17T07:05:56","guid":{"rendered":"http:\/\/www.karahukukankara.com\/?page_id=2964"},"modified":"2020-10-07T14:50:09","modified_gmt":"2020-10-07T11:50:09","slug":"av-aysenur-pelitli","status":"publish","type":"page","link":"https:\/\/www.karahukukankara.com\/index.php\/av-aysenur-pelitli\/","title":{"rendered":"Av. Ay\u015fenur PEL\u0130TL\u0130"},"content":{"rendered":"<p>[vc_row triangle_shape=&#8221;no&#8221;][vc_column][vc_column_text]Av. Ay\u015fenur PEL\u0130TL\u0130, 1996 y\u0131l\u0131nda Osmangazi\u2019de do\u011fmu\u015ftur. 2018 y\u0131l\u0131nda Ankara \u00dcniversitesi Hukuk Fak\u00fcltesi\u2019nden mezun olmu\u015ftur. 2019 y\u0131l\u0131nda Ankara Barosu\u2019nda avukatl\u0131k staj\u0131n\u0131 tamamlayarak, avukatl\u0131k mesle\u011fine ba\u015flam\u0131\u015ft\u0131r. Aral\u0131k 2019 tarihinden bu yana Kara Hukuk ve Dan\u0131\u015fmanl\u0131k B\u00fcrosu\u2019nda \u00e7al\u0131\u015fmaktad\u0131r.<\/p>\n<p>\u015eirketler ve ticaret hukuku, i\u015f ve sosyal g\u00fcvenlik hukuku, aile hukuku ve icra hukuku alanlar\u0131ndaki \u00e7al\u0131\u015fmalar\u0131na aktif olarak devam etmektedir.[\/vc_column_text][vc_empty_space][\/vc_column][\/vc_row]<\/p>\n","protected":false},"excerpt":{"rendered":"<p>[vc_row triangle_shape=&#8221;no&#8221;][vc_column][vc_column_text]Av. Ay\u015fenur PEL\u0130TL\u0130, 1996 y\u0131l\u0131nda Osmangazi\u2019de do\u011fmu\u015ftur. 2018 y\u0131l\u0131nda Ankara \u00dcniversitesi Hukuk Fak\u00fcltesi\u2019nden mezun olmu\u015ftur. 2019 y\u0131l\u0131nda Ankara Barosu\u2019nda avukatl\u0131k staj\u0131n\u0131 tamamlayarak, avukatl\u0131k mesle\u011fine ba\u015flam\u0131\u015ft\u0131r. Aral\u0131k 2019 tarihinden bu yana Kara Hukuk ve Dan\u0131\u015fmanl\u0131k B\u00fcrosu\u2019nda \u00e7al\u0131\u015fmaktad\u0131r. \u015eirketler ve ticaret hukuku, i\u015f ve sosyal g\u00fcvenlik hukuku, aile hukuku ve icra hukuku alanlar\u0131ndaki \u00e7al\u0131\u015fmalar\u0131na aktif olarak devam etmektedir.[\/vc_column_text][vc_empty_space][\/vc_column][\/vc_row]<\/p>\n","protected":false},"author":1,"featured_media":2965,"parent":0,"menu_order":0,"comment_status":"closed","ping_status":"closed","template":"","meta":[],"_links":{"self":[{"href":"https:\/\/www.karahukukankara.com\/index.php\/wp-json\/wp\/v2\/pages\/2964"}],"collection":[{"href":"https:\/\/www.karahukukankara.com\/index.php\/wp-json\/wp\/v2\/pages"}],"about":[{"href":"https:\/\/www.karahukukankara.com\/index.php\/wp-json\/wp\/v2\/types\/page"}],"author":[{"embeddable":true,"href":"https:\/\/www.karahukukankara.com\/index.php\/wp-json\/wp\/v2\/users\/1"}],"replies":[{"embeddable":true,"href":"https:\/\/www.karahukukankara.com\/index.php\/wp-json\/wp\/v2\/comments?post=2964"}],"version-history":[{"count":7,"href":"https:\/\/www.karahukukankara.com\/index.php\/wp-json\/wp\/v2\/pages\/2964\/revisions"}],"predecessor-version":[{"id":2996,"href":"https:\/\/www.karahukukankara.com\/index.php\/wp-json\/wp\/v2\/pages\/2964\/revisions\/2996"}],"wp:featuredmedia":[{"embeddable":true,"href":"https:\/\/www.karahukukankara.com\/index.php\/wp-json\/wp\/v2\/media\/2965"}],"wp:attachment":[{"href":"https:\/\/www.karahukukankara.com\/index.php\/wp-json\/wp\/v2\/media?parent=2964"}],"curies":[{"name":"wp","href":"https:\/\/api.w.org\/{rel}","templated":true}]}}